ghest common factor of 63 and q?
9
Let j be ((-12)/9 + 2)*6/4. Let z(c) = -58*c + 4. Let x be z(j). Let f be (-2)/12 + 0 - 1737/x. What is the highest common factor of 160 and f?
32
Let k = 31045 + -30940. Calculate the greatest common divisor of k and 2485.
35
Let q(k) = 4*k**2 - 3*k - 3. Let f be q(3). Suppose 0 = l, 2*l = -3*a - 49 + 73. Suppose -a*h - 210 + 338 = 0. What is the highest common divisor of f and h?
8
Let r be (-35097)/(-6) - (-102)/204. Calculate the greatest common divisor of r and 26.
26
Suppose 0*d - 5*d = -15. Suppose 5*o + 10 = 5*t + d*o, 2*t - 3 = o. Suppose -4*y + y + 18 = v, t*y + 2*v = 26. What is the greatest common divisor of 10 and y?
5
Let i(c) = 22*c + 11 - 22*c + c**2. Let m be i(5). Suppose -3*t + 12*t = m. Calculate the greatest common factor of t and 6.
2
Let p be ((-1591)/1628*-33)/(5/(-8) + 1). Calculate the highest common factor of p and 5074.
86
Let j be 317/9 + (-6)/27. Suppose 0 = -3*r + j + 13. Let f = 52171 + -52059. What is the greatest common divisor of r and f?
16
Suppose 17*f + 3*g - 29745 = 13*f, -5*f + 37195 = g. What is the greatest common factor of 6 and f?
6
Let i(u) = 16*u**3 - 5*u**2 + 5*u - 14. Let s be i(2). Calculate the highest common divisor of 9594 and s.
26
Let k(g) = -19*g**2 - 733*g + 56. Let f be k(-38). What is the highest common divisor of 42 and f?
6
Suppose -22070 = -5*t + 5*p, -5*p - 2996 - 1410 = -t. Calculate the highest common factor of 920 and t.
184
Let x(a) = -3 + 41 - 2 + 3*a. Let z be x(-10). Suppose -115 = -11*h + z. What is the highest common factor of 88 and h?
11
Let h(m) = -6*m**2 + 294*m - 68. Let y be h(48). Calculate the greatest common divisor of 110 and y.
110
Let p = 6988 + -6948. What is the highest common divisor of p and 41160?
40
Let w(a) = 66*a**2 - 362*a + 6. Let y be w(7). What is the greatest common factor of 2 and y?
2
Let i(w) = w**3 + 7*w**2 - 2*w - 5. Let j be i(-7). Suppose -26*c = -7070 - 7906. Calculate the highest common divisor of j and c.
9
Let l(q) = -16*q**3 + 6*q**2 + 35*q + 109. Let n be l(-3). Calculate the greatest common divisor of 370 and n.
10
Let c be (22/(-4))/(1/(-38)). Suppose 59*p - 9704 = -359*p + 4090. Calculate the highest common factor of c and p.
11
Let i(y) = -16*y. Let b be i(0). Let r be (1 + b - -89) + 1. Calculate the highest common divisor of r and 7.
7
Let b(d) = d**3 - 7*d**2 + 6*d - 38. Let l be b(7). Let c(o) = 15*o**2 - 3*o - 20. Let s be c(l). Calculate the highest common factor of s and 24.
8
Let a = -378 + 397. Let t = 9 + 200. What is the highest common divisor of t and a?
19
Let n be (4 + (10 - 7))*57. Calculate the greatest common divisor of n and 35.
7
Suppose 4*x + 13 - 5 = 0. Let o be (-3 - 3/x)*-2. Suppose o*s + 3*b + 19 = 52, -4*s - 5*b = -46. Calculate the greatest common factor of 63 and s.
9
Let c be ((-5)/(-3))/(-5) + (-28)/(-3). Suppose 70 = 2*t + c*h - 5*h, 0 = -4*h + 16. What is the highest common divisor of t and 9?
9
Suppose -12*t + 25 + 431 = 0. Let v = 24 - t. Let j = 0 - v. What is the greatest common divisor of 112 and j?
14
Let y = -34509 + 34725. Suppose -o + 5*t + 49 = 0, -4*o + 2*t = -2*o - 58. What is the greatest common factor of y and o?
24
Let g(w) = -w**2 + 12*w - 30. Let v be g(5). Let u be -2*(-6)/(-15)*v. Let b be ((-28)/(-42))/(u/(-114)). What is the highest common factor of 171 and b?
19
Let s(j) = -j**3 - 1015*j**2 - 1011*j**2 + 3 + 56*j + 2010*j**2. Let r be s(-19). Calculate the highest common divisor of 176 and r.
22
Let i be ((-21)/(-2))/((-6)/(-8)). Suppose i*b + 323 = 3893. What is the greatest common divisor of b and 51?
51
Suppose 101 = 23*k + 1033 - 5762. Calculate the greatest common factor of k and 8610.
210
Let b be 12*((2 - 1) + 1). Suppose -580*v + 37104 = 2304. What is the greatest common factor of v and b?
12
Suppose 136*z - 190*z = -1453 - 1139. Let k = 3 + -1. Suppose 3*d = k*f + 22, 0 = -3*d - f + 2*f + 23. What is the highest common factor of z and d?
8
Suppose -4*k + 5*k = 2. Let l be 28 + -35 + 4 + 1 - -4. Suppose l*d = -p + 34, k*p - d - 30 = 13. Calculate the highest common factor of 48 and p.
24
Let m(t) = -9*t + 68. Let v(r) = 3*r - 34. Let x(j) = 2*m(j) + 5*v(j). Let i be x(-28). Calculate the greatest common divisor of 325 and i.
25
Suppose -4*h + 255 = 3*a - 288, 3*a + 9 = 0. Let w = h - 78. Calculate the greatest common divisor of w and 132.
12
Let k = -81 - -84. Suppose k*l = -5*m - 295, l + 2*m + 0*m + 98 = 0. Let b = -84 - l. Calculate the greatest common divisor of b and 40.
8
Let x be (-1)/(-4) - (-3518)/8. Suppose -3*l - 3*s = -180, 22*l - 30*l = -3*s - 425. What is the greatest common factor of x and l?
55
Let p be 877/(10 - 9) - 13. What is the greatest common factor of p and 612?
36
Suppose 2*m + 2*u = 2034, -3*u = 5*m - 1244 - 3831. Suppose -13*o + 1016 + m = 0. What is the highest common divisor of o and 12?
12
Let h(p) = p**2 - 7*p + 10. Let s be h(5). Let m be 1*s/((-10)/(-5)). Suppose m = 5*t, 16 = q - 5*t - 70. Calculate the greatest common factor of 129 and q.
43
Let y = -9597 + 11745. Calculate the highest common divisor of y and 12.
12
Suppose -m = -h + 3*m + 482, 0 = 3*h - 5*m - 1425. Let p be (-1)/((-1)/2*30/705). What is the greatest common factor of p and h?
47
Let u(p) = p**2 - p - 3. Let a be u(4). Let h be 1*(-1)/4*-8. Let x be (-24)/h*27/(-6). What is the greatest common divisor of x and a?
9
Let p be -12*((-5)/((-25)/(-160)) + 6). Calculate the highest common factor of 432 and p.
24
Suppose 2*z - c = 5211 + 14125, -3*z - 3*c = -28968. Calculate the highest common divisor of z and 151.
151
Let g be 496/(-3)*(5 + 1*356/(-16)). Calculate the highest common factor of g and 868.
124
Let i(a) = -a**3 + 15*a**2 - 36*a - 16. Let x be i(13). Let p = x + 161. Calculate the highest common factor of 120 and p.
15
Let w be (-8)/2 + 92650/10. Calculate the highest common divisor of 189 and w.
189
Suppose b = -3*l + 9 + 262, 3*l = 3*b + 291. Suppose 53*w = 59*w - 24. What is the greatest common factor of l and w?
4
Let w be ((-42)/9*51)/((-9)/18). Calculate the greatest common factor of w and 350.
14
Let x be (60/50*5 + 1 + -8)*-2622. What is the highest common divisor of 969 and x?
57
Suppose 2*p + 1263 = -2*p + 5*n, 5*n = 5*p + 1580. Let o = p - -525. Let x = -24 + 50. Calculate the highest common divisor of o and x.
26
Let x(t) = 79*t + 1359. Let n be x(31). What is the highest common divisor of 140 and n?
28
Let u(a) = -a**3 + 10*a**2 - 22*a - 6. Let b be u(9). Let s = 147 + b. Calculate the highest common factor of s and 2.
2
Let p = -33 - -65. Let k = p - 38. Let n be (k + 49/14)*-28*1. Calculate the highest common factor of 10 and n.
10
Suppose -5*g = -4*n - 270, 58*n + 225 = 5*g + 63*n. What is the greatest common divisor of 80 and g?
10
Let k(d) be the first derivative of 7*d**2/2 - 21*d + 39. Let l(z) = -z + 1. Let a be l(-11). Let w be k(a). What is the highest common divisor of w and 7?
7
Suppose 13*z - 1557 = -1172 + 3554. Calculate the highest common divisor of z and 101.
101
Let s be (-2)/3 - (-2192)/48. Let m be (-3)/15 - ((-155)/25)/1. What is the highest common factor of s and m?
3
Suppose 2*g - 107 = -2*z + 647, -5*g = 3*z - 1875. What is the greatest common divisor of g and 5301?
93
Let c = 2136 + -2045. Calculate the greatest common factor of c and 2.
1
Let o(h) = 323*h**2 + 2*h. Let g be o(2). Let n be ((-213)/(-355))/((-9)/13365*-11). Calculate the greatest common divisor of g and n.
81
Suppose -486*x = -275*x - 2390208. Calculate the highest common factor of x and 120.
24
Let g be (-3)/1*(-45 + 115). Let i be (-10060)/g + (-10)/(-105). Let v = -325 + 853. What is the highest common divisor of v and i?
48
Let m = -25 + -5. Let u = -26 - m. Let l = 148 + -147. What is the highest common factor of u and l?
1
Suppose 2*d - 5*k - 376 = 0, 3*d - 112*k + 108*k = 564. Calculate the highest common factor of 1786 and d.
94
Let c = 180 - 158. Let p be 772/7 + -1*(-2)/(-7). Calculate the highest common divisor of p and c.
22
Let l = 253 + -237. Suppose -6*j = -3*j - 18. Let h(q) = -q + 38. Let z be h(j). Calculate the greatest common divisor of z and l.
16
Suppose 5*y - 3*y - 246 = -4*c, 4*y = -20. Let o = -5 - -13. What is the greatest common divisor of o and c?
8
Let w = -3347 - -6919. Calculate the greatest co